factor of 28 and 50985263.
7
What is the greatest common factor of 23190 and 32772881?
773
Calculate the greatest common divisor of 38807 and 754552.
257
What is the greatest common factor of 7 and 37785797?
7
Calculate the greatest common factor of 448 and 1989152928.
224
Calculate the highest common divisor of 415583675 and 20150.
10075
Calculate the greatest common divisor of 7365 and 57555.
15
Calculate the highest common factor of 164836 and 22388.
116
Calculate the greatest common factor of 10933027 and 10028.
2507
Calculate the highest common divisor of 14096 and 160944.
16
What is the greatest common divisor of 8107 and 11511203?
737
What is the highest common factor of 20391429 and 9?
3
What is the greatest common divisor of 11018 and 5600?
14
What is the greatest common divisor of 13188842 and 8?
2
What is the greatest common factor of 161 and 31215830?
23
What is the greatest common divisor of 25841072 and 2?
2
Calculate the greatest common divisor of 26705 and 3838415.
245
What is the highest common divisor of 102700 and 613600?
1300
Calculate the highest common factor of 82176 and 40885984.
3424
Calculate the greatest common divisor of 10876256 and 64.
32
Calculate the greatest common factor of 78 and 10984857.
39
Calculate the greatest common factor of 798 and 3447018.
114
Calculate the greatest common divisor of 156 and 213323331.
39
What is the greatest common divisor of 5234376 and 7336?
56
What is the highest common factor of 31356 and 1368810?
1206
What is the highest common factor of 115463 and 1573?
1
What is the highest common factor of 21950181 and 99?
99
What is the highest common divisor of 6071 and 31366989?
467
Calculate the highest common factor of 182044 and 238452.
2564
What is the greatest common factor of 873292792 and 8?
8
Calculate the highest common factor of 2178 and 1958814.
198
What is the greatest common divisor of 31150782 and 72?
18
Calculate the greatest common factor of 6215592 and 42.
6
Calculate the highest common divisor of 82388 and 108876.
172
What is the greatest common factor of 15040026 and 7236?
3618
Calculate the highest common divisor of 320117 and 1039164.
973
Calculate the highest common factor of 3255 and 921754.
31
Calculate the greatest common divisor of 1490 and 3994310.
10
What is the greatest common divisor of 32 and 9788848?
16
Calculate the greatest common factor of 9072 and 1454040.
504
What is the greatest common factor of 49818 and 673626?
2166
What is the greatest common factor of 15839 and 231193?
47
What is the highest common factor of 87211578 and 11472?
1434
Calculate the greatest common divisor of 21920582 and 395148.
5066
What is the highest common divisor of 641885661 and 335?
67
Calculate the greatest common divisor of 14833 and 81897557.
1141
Calculate the highest common factor of 17799260 and 80.
20
What is the highest common factor of 2445 and 119010?
15
Calculate the highest common factor of 39050143 and 9868.
2467
What is the greatest common factor of 27058 and 9781882?
166
What is the greatest common factor of 809161 and 119543?
691
Calculate the greatest common divisor of 292863 and 283146.
123
Calculate the highest common factor of 118114555 and 1538.
769
Calculate the greatest common factor of 22189388 and 14352.
1196
What is the greatest common factor of 240 and 581576010?
30
Calculate the highest common factor of 344675 and 118150.
425
What is the greatest common factor of 1978 and 182942?
46
Calculate the greatest common factor of 387908 and 13024.
148
Calculate the highest common factor of 13335418 and 7482.
2494
Calculate the greatest common divisor of 965066445 and 35.
35
Calculate the greatest common factor of 1931522 and 70474.
334
What is the highest common factor of 42824 and 1099688?
808
Calculate the greatest common factor of 825 and 181515.
15
What is the highest common divisor of 70387 and 212636?
59
Calculate the highest common factor of 10736700 and 105300.
3900
What is the highest common factor of 1557 and 6921?
9
Calculate the highest common factor of 66575 and 160135.
5
What is the greatest common divisor of 15280382 and 314959?
3247
What is the greatest common factor of 14 and 30967538?
14
What is the highest common factor of 20740332 and 84?
12
What is the highest common factor of 4004 and 5390924?
308
What is the highest common factor of 8 and 1298675216?
8
What is the highest common factor of 224204 and 7544?
92
Calculate the greatest common divisor of 2906881 and 119.
17
What is the highest common factor of 618306851 and 711?
79
Calculate the highest common divisor of 10597794 and 870999.
3837
Calculate the highest common divisor of 551313 and 3591.
189
What is the greatest common factor of 71929056 and 469?
67
What is the highest common factor of 369 and 3159214?
41
What is the highest common divisor of 4098 and 3111?
3
What is the highest common divisor of 927551 and 3193?
31
What is the highest common factor of 433350 and 477450?
450
Calculate the highest common factor of 9991 and 426626.
103
Calculate the highest common factor of 6298466 and 5128.
1282
Calculate the greatest common divisor of 754 and 11074955.
29
What is the greatest common factor of 46488842 and 46?
46
What is the greatest common divisor of 2281 and 76369?
1
What is the greatest common divisor of 31120 and 79568?
16
What is the greatest common factor of 1746642 and 6?
6
What is the highest common divisor of 532 and 64282358?
266
Calculate the greatest common factor of 210916 and 876718.
1574
Calculate the highest common divisor of 261968 and 2960.
16
What is the greatest common factor of 5363 and 64697?
31
What is the highest common divisor of 1721224 and 8?
8
Calculate the greatest common factor of 65370 and 10782.
6
What is the highest common factor of 2278 and 1501403?
67
Calculate the highest common factor of 10 and 111595555.
5
Calculate the highest common factor of 207 and 2021033.
23
Calculate the greatest common divisor of 263842 and 2900.
58
What is the highest common divisor of 29622675 and 420?
15
Calculate the highest common factor of 15886997 and 69.
23
What is the greatest common divisor of 5767368 and 5192?
472
What is the greatest common divisor of 185952 and 114244?
52
Calculate the greatest common factor of 161279 and 71779.
179
Calculate the highest common factor of 439 and 7889269.
439
What is the highest common factor of 17648 and 371141852?
4412
What is the greatest common factor of 460416 and 575872?
1408
Calculate the highest common factor of 3522 and 388304022.
3522
What is the greatest common divisor of 1387006166 and 854?
854
Calculate the highest common divisor of 1437 and 58312502.
479
What is the greatest common divisor of 31915 and 432571?
491
Calculate the greatest common factor of 76972421 and 10028.
2507
Calculate the greatest common factor of 2377338 and 24.
6
What is the highest common divisor of 6418146 and 31506?
534
Calculate the greatest common divisor of 168548919 and 231.
231
What is the greatest common divisor of 3952185 and 12629?
173
What is the highest common factor of 39 and 32667909?
3
What is the highest common factor of 2056 and 7151282?
514
What is the highest common factor of 429700 and 165220?
20
What is the greatest common divisor of 17472186 and 7047?
243
What is the greatest common factor of 330 and 24621366?
66
What is the highest common divisor of 5588 and 12345289?
1397
What is the greatest common factor of 7075 and 330575?
25
What is the highest common divisor of 1930 and 27773665?
965
What is the highest common factor of 734893 and 51?
17
What is the highest common divisor of 3712 and 14830368?
928
What is the highest common divisor of 652 and 784442?
2
Calculate the greatest common divisor of 1194264 and 224.
8
What is the highest common divisor of 255668 and 7476?
28
What is the highest common factor of 1880665 and 24?
1
Calculate the highest common factor of 27154632 and 1829.
59
Calculate the greatest common factor of 424 and 283548304.
424
Calculate the greatest common divisor of 1464 and 118759314.
366
What is the highest common factor of 2170 and 51484769?
217
Calculate the greatest common divisor of 756 and 32175927.
189
Calculate the highest common divisor of 2660 and 305291.
7
What is the h